{"id":764,"date":"2020-10-02T20:42:20","date_gmt":"2020-10-02T20:42:20","guid":{"rendered":"https:\/\/dev.congress.eabp.org\/2023\/site\/?page_id=764"},"modified":"2021-08-01T22:11:36","modified_gmt":"2021-08-01T22:11:36","slug":"congress-workshops","status":"publish","type":"page","link":"https:\/\/dev.congress.eabp.org\/2023\/site\/it\/programma\/congress-workshops\/","title":{"rendered":"Congress workshops"},"content":{"rendered":"\n<h2>Workshops<\/h2>\n\n\n\n<div class=\"is-layout-flow wp-block-group speaker-box\"><div class=\"wp-block-group__inner-container\">\n<h4 class=\"mb-1\">L\u2019EBS Contatto nel mondo distanziante<\/h4>\n\n\n\n<p>Viviamo un tempo in cui la relazione affettiva rischia di essere fortemente condizionata dalla digitalizzazione del mondo e dalla conseguente virtualizzazione dei rapporti umani.<\/p>\n\n\n\n<p>Nella pratica clinica si incontrano sempre pi\u00f9 frequentemente soggetti che vivono grandi difficolt\u00e0 nello stabilire e mantenere relazioni. I comportamenti pi\u00f9 frequenti si riscontrano nell\u2019isolamento; nell\u2019attuare una fuga ogni qual volta si vivano esperienze di stabilizzazione e di quotidianit\u00e0 del rapporto; nella negazione di qualsiasi emozione e sentimento, entrando in una sorta di anestesia emozionale.<\/p>\n\n\n\n<p>Nella Psicologia Funzionale (Rispoli, 1993) l\u2019intero comportamento umano viene spiegato a partire da come vengono attraversate le Esperienze di Base del S\u00e9, EBS (Rispoli, 2004, 2021). Esse sono dotate di Senso in quanto vengono vissute con l\u2019intero S\u00e9 psicocorporeo: esso vi partecipa con le emozioni, le sensazioni, i movimenti, gli apparati fisiologici e i pensieri. Se non attraversate pienamente, per carenza dell\u2019ambiente primario o anche per pressioni socio-culturali, si alterano, causando cos\u00ec disturbi, disagio, comportamenti non adattivi e non soddisfacenti per le stesse persone che li mettono in atto.<\/p>\n\n\n\n<p>Molte sono le EBS che mostrano alterazioni nelle difficolt\u00e0 relazionale, ma un ruolo predominante lo occupa il Contatto. Questo risulta sempre alterato laddove si debba continuativamente mantenere una distanza di sicurezza dall\u2019altro, pena una perdita della propria identit\u00e0 e dei propri confini psicocorporei.<\/p>\n\n\n\n<p>Verr\u00e0 proposta una sequenza di tecniche adatte a riaprire e mobilizzare alcune EBS, in particolare il Contatto.<br>La modalit\u00e0 sar\u00e0 esperienziale, dove ogni partecipante potr\u00e0 vivere direttamente le tecniche proposte. Dopo di ci\u00f2 vi sar\u00e0 un momento di condivisione nel gruppo delle esperienze attraversate.<\/p>\n\n\n\n<div class=\"wp-block-image is-style-rounded\"><figure class=\"alignleft size-large is-resized\"><img decoding=\"async\" src=\"https:\/\/dev.congress.eabp.org\/2023\/site\/wp-content\/uploads\/image-edited.png\" alt=\"\" class=\"wp-image-1515\" width=\"120\" srcset=\"https:\/\/dev.congress.eabp.org\/2023\/site\/wp-content\/uploads\/image-edited.png 328w, https:\/\/dev.congress.eabp.org\/2023\/site\/wp-content\/uploads\/image-edited-300x300.png 300w, https:\/\/dev.congress.eabp.org\/2023\/site\/wp-content\/uploads\/image-edited-150x150.png 150w, https:\/\/dev.congress.eabp.org\/2023\/site\/wp-content\/uploads\/image-edited-230x230.png 230w\" sizes=\"(max-width: 328px) 100vw, 328px\" \/><\/figure><\/div>\n\n\n\n<p class=\"has-text-align-left\"><strong>Luciano Sabella<\/strong>, psicologo-psicoterapeuta Funzionale, svolge attivit\u00e0 clinica presso il suo studio in Firenze. Membro della Sif dal 1997, docente e supervisore presso la Scuola di Psicoterapia Funzionale dal 2003, membro del Forum dell&#8217;EABP. Autore di pubblicazioni a carattere clinico ed epistemologico. Ideatore e conduttore di progetti di formazione e prevenzione. Relatore e conduttore di numerosi interventi presso congressi nazionali e internazionali, compresi quelli EABP del 2014, 2016 e 2018.<br>Email: lucianosabella3@gmail.com<\/p>\n\n\n\n<div class=\"wp-block-image is-style-rounded\"><figure class=\"alignleft size-large is-resized\"><img decoding=\"async\" src=\"https:\/\/dev.congress.eabp.org\/2023\/site\/wp-content\/uploads\/enrica_pedrelli.png\" alt=\"\" class=\"wp-image-1698\" width=\"120\" srcset=\"https:\/\/dev.congress.eabp.org\/2023\/site\/wp-content\/uploads\/enrica_pedrelli.png 400w, https:\/\/dev.congress.eabp.org\/2023\/site\/wp-content\/uploads\/enrica_pedrelli-300x300.png 300w, https:\/\/dev.congress.eabp.org\/2023\/site\/wp-content\/uploads\/enrica_pedrelli-150x150.png 150w, https:\/\/dev.congress.eabp.org\/2023\/site\/wp-content\/uploads\/enrica_pedrelli-230x230.png 230w, https:\/\/dev.congress.eabp.org\/2023\/site\/wp-content\/uploads\/enrica_pedrelli-350x350.png 350w\" sizes=\"(max-width: 400px) 100vw, 400px\" \/><\/figure><\/div>\n\n\n\n<p><strong>Enrica Pedrelli<\/strong> Psicologa Psicoterapeuta, membro della Societ\u00e0 Italiana di Psicoterapia Funzionale (SIF,\u00a0<a href=\"http:\/\/www.psicologiafunzionale.it\/\">www.psicologiafunzionale.it<\/a>). Docente Supervisore dal 2003 alla Scuola Europea di Psicoterapia Funzionale (SEF). Membro del Forum EABP. Da diversi anni \u00e8 impegnata come libera professionista e formatrice e si occupa in particolare della Clinica del Trauma e della Genitorialit\u00e0. Email:\u00a0<a href=\"mailto:epedrelli@libero.it\">epedrelli@libero.it<\/a><\/p>\n\n\n\n<p><\/p>\n<\/div><\/div>\n","protected":false},"excerpt":{"rendered":"<p>Workshops L\u2019EBS Contatto nel mondo distanziante Viviamo un tempo in cui la relazione affettiva rischia di essere fortemente condizionata dalla digitalizzazione del [&hellip;]<\/p>\n","protected":false},"author":1,"featured_media":0,"parent":244,"menu_order":20,"comment_status":"closed","ping_status":"closed","template":"","meta":[],"_links":{"self":[{"href":"https:\/\/dev.congress.eabp.org\/2023\/site\/wp-json\/wp\/v2\/pages\/764"}],"collection":[{"href":"https:\/\/dev.congress.eabp.org\/2023\/site\/wp-json\/wp\/v2\/pages"}],"about":[{"href":"https:\/\/dev.congress.eabp.org\/2023\/site\/wp-json\/wp\/v2\/types\/page"}],"author":[{"embeddable":true,"href":"https:\/\/dev.congress.eabp.org\/2023\/site\/wp-json\/wp\/v2\/users\/1"}],"replies":[{"embeddable":true,"href":"https:\/\/dev.congress.eabp.org\/2023\/site\/wp-json\/wp\/v2\/comments?post=764"}],"version-history":[{"count":0,"href":"https:\/\/dev.congress.eabp.org\/2023\/site\/wp-json\/wp\/v2\/pages\/764\/revisions"}],"up":[{"embeddable":true,"href":"https:\/\/dev.congress.eabp.org\/2023\/site\/wp-json\/wp\/v2\/pages\/244"}],"wp:attachment":[{"href":"https:\/\/dev.congress.eabp.org\/2023\/site\/wp-json\/wp\/v2\/media?parent=764"}],"curies":[{"name":"wp","href":"https:\/\/api.w.org\/{rel}","templated":true}]}}