{"id":59,"date":"2019-01-04T13:26:33","date_gmt":"2019-01-04T13:26:33","guid":{"rendered":"https:\/\/dev.congress.eabp.org\/2023\/site\/?page_id=59"},"modified":"2021-07-13T21:45:53","modified_gmt":"2021-07-13T21:45:53","slug":"willkommen","status":"publish","type":"page","link":"https:\/\/dev.congress.eabp.org\/2023\/site\/de\/","title":{"rendered":"Willkommen"},"content":{"rendered":"\n<div style=\"height:20px\" aria-hidden=\"true\" class=\"wp-block-spacer\"><\/div>\n\n\n\n<h2 class=\"has-text-align-center no-icon\">Willkommen im NEUEN<br>EABP Virtual Congress Website f\u00fcr 2021<\/h2>\n\n\n\n<p>EABP-Kongresse bieten warmherzige, inspirierende und freudige Veranstaltungen, bei denen Mitglieder unserer Gemeinschaften f\u00fcr K\u00f6rperpsychotherapie und Somatische Psychologie Erfahrungen, Wissen, Gedanken und Ideen mit anderen Mitgliedern und mit Fachleuten aus verwandten Gesundheitsberufen \u00fcber die EABP hinaus austauschen k\u00f6nnen.<\/p>\n\n\n\n<p>Angesichts zahlreicher Herausforderungen und K\u00e4mpfe der letzten Jahre f\u00fcr die gesamte weltweite Gemeinschaft bieten das EABP-Kongressplanungskomitee und der EABP-Vorstand einen virtuellen Raum f\u00fcr uns, um uns zu versammeln, Ideen auszutauschen und uns wieder zu verbinden. Ein virtuelles Treffen von Mitgliedern und BP-Interessierten, bei dem wir uns gegenseitig anerkennen und feiern.<\/p>\n\n\n\n<p>Unsere Keynote Speaker, unsere Whole Congress Workshops und unsere Symposien greifen das Thema des Virtuellen Kongresses vom 10. \u2013 12. September 2021 auf:<\/p>\n\n\n\n<h3 class=\"has-text-align-center\">Sinn und Empfindungen:<\/h3>\n\n\n\n<h4 class=\"has-text-align-center\">die Erfahrung der F\u00fclle in der K\u00f6rperpsychotherapie<\/h4>\n\n\n\n<p>Am Freitag haben wir eine interaktive Pr\u00e4sentation von EABP-Mitglied Dr. Marianne Bentzen.<\/p>\n\n\n\n<p>Gefolgt von einer Podiumsdiskussion mit der letzten Pr\u00e4sidentin und aktuellen Vorsitzenden des Think Tank Committee, Lidy Evertsen, und der aktuellen Pr\u00e4sidentin, Carmen Joanne Ablack.<\/p>\n\n\n\n<p>On Saturday we have a presentation from EABP and Board member <em>Dr Kathrin A. Stauffer<\/em>.<\/p>\n\n\n\n<p>Am Samstag haben wir eine Pr\u00e4sentation von EABP und Vorstandsmitglied Dr. Kathrin A. Stauffer.<\/p>\n\n\n\n<p>Gefolgt von einer Podiumsdiskussion mit Vorstandsmitglied Fabio Carbonari und der fr\u00fcheren Generalsekret\u00e4rin Sladjana Djordjevic.<\/p>\n\n\n\n<p>Am Sonntagnachmittag findet eine spezielle Frage-und-Antwort-Runde mit Dr. Stephen W. Porges statt. Dr. Porges wird zu einer Reihe von Fragen sprechen, die von einigen unserer Mitglieder eingereicht wurden.<\/p>\n\n\n\n<p>Anschlie\u00dfend Podiumsdiskussion mit den Professoren Genovino Ferri und Maurizio Stupiggia.<\/p>\n\n\n\n<p>Im Namen aller Mitglieder m\u00f6chten wir unseren fr\u00fcheren Kollegen des Congress Planning Committee (CPC) f\u00fcr ihre harte Arbeit und ihr Engagement danken: Maurizio Stupiggia, Lidy Evertsen, Fabio Carbonari, Genovino Ferri, Carmen Joanne Ablack und Rosanna De Sanctis.<\/p>\n\n\n\n<p>Vielen Dank an jeden von Ihnen f\u00fcr Ihre Arbeit und Ihre kontinuierliche Unterst\u00fctzung, w\u00e4hrend wir vorankommen.<\/p>\n\n\n\n<p>Und nun!<\/p>\n\n\n\n<p>Unser <strong>17. Internationaler (Virtueller) Kongress der EABP 2021<\/strong> bietet ein ebenso spannendes Angebot an Referenten, Workshops und Symposien, um uns in Austausch und Diskussionen neu zu finden, die unser Denken und unsere Herangehensweise an unsere BP-Arbeit in der Gesellschaft in Zukunft pr\u00e4gen werden eine sehr ver\u00e4nderte und sich ver\u00e4ndernde Welt.<\/p>\n\n\n\n<p><em>K\u00f6nnen wir uns den Herausforderungen stellen?<\/em><br>Wir hoffen, einige Definitionen davon zu erforschen, zu entdecken und zu verwalten, w\u00e4hrend wir uns an den drei Kongresstagen gemeinsam engagieren.<\/p>\n\n\n\n<p>Bitte klicken Sie auf jeden der folgenden Punkte, um zu den Seiten mit Details zu gelangen:<\/p>\n\n\n\n<div class=\"is-layout-flex wp-block-buttons is-content-justification-center\">\n<div class=\"wp-block-button is-style-outline\"><a class=\"wp-block-button__link has-text-color\" href=\"https:\/\/dev.congress.eabp.org\/2023\/site\/de\/programm\/keynote-speakers\/\" style=\"border-radius:50px;color:#63237c\">Keynote Speaker<\/a><\/div>\n\n\n\n<div class=\"wp-block-button is-style-outline\"><a class=\"wp-block-button__link has-text-color\" href=\"https:\/\/dev.congress.eabp.org\/2023\/site\/de\/programm\/congress-workshops\/\" style=\"border-radius:50px;color:#63237c\">Kongressworkshops<\/a><\/div>\n<\/div>\n\n\n\n<div class=\"is-layout-flex wp-block-buttons is-content-justification-center\">\n<div class=\"wp-block-button is-style-outline\"><a class=\"wp-block-button__link has-text-color\" href=\"https:\/\/dev.congress.eabp.org\/2023\/site\/de\/programm\/science-and-research-symposium-de\/\" style=\"border-radius:50px;color:#63237c\">Wissenschafts- und Forschungssymposium<\/a><\/div>\n\n\n\n<div class=\"wp-block-button is-style-outline\"><a class=\"wp-block-button__link has-text-color\" href=\"https:\/\/dev.congress.eabp.org\/2023\/site\/de\/programm\/society-in-corona-crisis-modus-symposium-de\/\" style=\"border-radius:50px;color:#63237c\">Society in Corona Crisis Modus Symposium<\/a><\/div>\n<\/div>\n\n\n\n<div style=\"height:20px\" aria-hidden=\"true\" class=\"wp-block-spacer\"><\/div>\n","protected":false},"excerpt":{"rendered":"<p>Willkommen im NEUENEABP Virtual Congress Website f\u00fcr 2021 EABP-Kongresse bieten warmherzige, inspirierende und freudige Veranstaltungen, bei denen Mitglieder unserer Gemeinschaften f\u00fcr K\u00f6rperpsychotherapie [&hellip;]<\/p>\n","protected":false},"author":1,"featured_media":0,"parent":0,"menu_order":1,"comment_status":"closed","ping_status":"closed","template":"","meta":[],"_links":{"self":[{"href":"https:\/\/dev.congress.eabp.org\/2023\/site\/wp-json\/wp\/v2\/pages\/59"}],"collection":[{"href":"https:\/\/dev.congress.eabp.org\/2023\/site\/wp-json\/wp\/v2\/pages"}],"about":[{"href":"https:\/\/dev.congress.eabp.org\/2023\/site\/wp-json\/wp\/v2\/types\/page"}],"author":[{"embeddable":true,"href":"https:\/\/dev.congress.eabp.org\/2023\/site\/wp-json\/wp\/v2\/users\/1"}],"replies":[{"embeddable":true,"href":"https:\/\/dev.congress.eabp.org\/2023\/site\/wp-json\/wp\/v2\/comments?post=59"}],"version-history":[{"count":0,"href":"https:\/\/dev.congress.eabp.org\/2023\/site\/wp-json\/wp\/v2\/pages\/59\/revisions"}],"wp:attachment":[{"href":"https:\/\/dev.congress.eabp.org\/2023\/site\/wp-json\/wp\/v2\/media?parent=59"}],"curies":[{"name":"wp","href":"https:\/\/api.w.org\/{rel}","templated":true}]}}