{"id":1234,"date":"2021-06-10T22:23:42","date_gmt":"2021-06-10T22:23:42","guid":{"rendered":"https:\/\/dev.congress.eabp.org\/2023\/site\/?page_id=1234"},"modified":"2021-07-13T22:08:07","modified_gmt":"2021-07-13T22:08:07","slug":"bienvenido","status":"publish","type":"page","link":"https:\/\/dev.congress.eabp.org\/2023\/site\/es\/","title":{"rendered":"Bienvenido"},"content":{"rendered":"\n<div style=\"height:20px\" aria-hidden=\"true\" class=\"wp-block-spacer\"><\/div>\n\n\n\n<h2 class=\"has-text-align-center no-icon\">   Bienvenidos al NUEVO<br>Sitio web del Congreso Virtual 2021 de la EABP<\/h2>\n\n\n\n<p>Los congresos de la EABP ofrecen eventos acogedores, inspiradores y alegres donde los miembros de nuestras comunidades de Psicoterapia Corporal y Psicolog\u00eda Som\u00e1tica pueden compartir experiencias, conocimientos, pensamientos e ideas con otros miembros, as\u00ed como con profesionales afines m\u00e1s all\u00e1 de la EABP.<\/p>\n\n\n\n<p>Dados los numerosos retos y luchas de los \u00faltimos a\u00f1os para toda la comunidad global, el Comit\u00e9 de Planificaci\u00f3n del Congreso de la EABP y la Junta Directiva de la EABP ofrecen un espacio virtual para reunirnos, compartir ideas y volver a conectarnos. Una reuni\u00f3n virtual de miembros e interesados \u200b\u200ben la Psicoterapia Corporal donde, juntos, podamos reconocernos y celebrar.<\/p>\n\n\n\n<p>Nuestros <em>Ponentes principales<\/em>, nuestros <em>Talleres<\/em> y nuestros <em>Simposios<\/em> se centrar\u00e1n en el tema del Congreso virtual, del 10 al 12 de septiembre de 2021:<\/p>\n\n\n\n<h3 class=\"has-text-align-center\">Sentido y sensaciones:<\/h3>\n\n\n\n<h4 class=\"has-text-align-center\">la experiencia de la plenitud en la psicoterapia corporal<\/h4>\n\n\n\n<p>El viernes tenemos una presentaci\u00f3n interactiva de la miembro de la EABP la Dra. Marianne Bentzen, seguida de una mesa redonda con la \u00faltima presidenta de la EABP y actual presidenta del Comit\u00e9 \u201cThink Tank\u201d (laboratorio de ideas), Lidy Evertsen y la actual presidenta, Carmen Joanne Ablack.<\/p>\n\n\n\n<p>El s\u00e1bado tenemos una presentaci\u00f3n de la Dra. Kathrin A. Stauffer, miembro de la Junta Directiva de la EABP, seguida por un panel con el tambi\u00e9n miembro de la Junta Directiva Fabio Carbonari y la anterior Secretaria General, Sladjana Djordjevic.<\/p>\n\n\n\n<p>El domingo por la tarde habr\u00e1 una sesi\u00f3n especial de preguntas y respuestas con el Dr. Stephen W. Porges. El Dr. Porges responder\u00e1 a una serie de preguntas enviadas por algunos de nuestros miembros. La sesi\u00f3n ser\u00e1 seguida de una mesa redonda con los profesores Genovino Ferri y Maurizio Stupiggia.<\/p>\n\n\n\n<p>En nombre de todos los miembros, queremos agradecer a nuestros anteriores colegas del Comit\u00e9 de Planificaci\u00f3n del Congreso (CPC) por su arduo trabajo y dedicaci\u00f3n: Maurizio Stupiggia, Lidy Evertsen, Fabio Carbonari, Genovino Ferri, Carmen Joanne Ablack y Rosanna De Sanctis.<\/p>\n\n\n\n<p>Gracias a cada uno de vosotros por todo vuestro trabajo y apoyo continuo a medida que vamos avanzando.<\/p>\n\n\n\n<p>\u00a1Y AHORA!<\/p>\n\n\n\n<p>Nuestro <strong>17th International (Virtual) Congress 2021 de la EABP <\/strong>ofrece una gama igualmente emocionante de oradores, talleres y simposios que nos permitir\u00e1n reencontrarnos en intercambios y discusiones que ayudar\u00e1n a dar forma a nuestro pensamiento y enfoques para nuestro trabajo de BP en la sociedad en el futuro, en un mundo muy cambiado y cambiante.<\/p>\n\n\n\n<p class=\"mb-0\"><em>\u00bfPodemos estar a la altura de los desaf\u00edos?<\/em><\/p>\n\n\n\n<p>Esperamos explorar, descubrir y gestionar alguna definici\u00f3n de esto a medida que nos involucramos juntos durante los tres d\u00edas del Congreso.<\/p>\n\n\n\n<p>Haga clic en cada uno de los siguientes para acceder a las p\u00e1ginas con detalles sobre:<\/p>\n\n\n\n<div class=\"is-layout-flex wp-block-buttons is-content-justification-center\">\n<div class=\"wp-block-button is-style-outline\"><a class=\"wp-block-button__link has-text-color\" href=\"https:\/\/dev.congress.eabp.org\/2023\/site\/es\/programa\/keynote-speakers\/\" style=\"border-radius:50px;color:#63237c\">Ponentes magistrales<\/a><\/div>\n\n\n\n<div class=\"wp-block-button is-style-outline\"><a class=\"wp-block-button__link has-text-color\" href=\"https:\/\/dev.congress.eabp.org\/2023\/site\/es\/programa\/congress-workshops\/\" style=\"border-radius:50px;color:#63237c\">Talleres del Congreso<\/a><\/div>\n<\/div>\n\n\n\n<div class=\"is-layout-flex wp-block-buttons is-content-justification-center\">\n<div class=\"wp-block-button is-style-outline\"><a class=\"wp-block-button__link has-text-color\" href=\"https:\/\/dev.congress.eabp.org\/2023\/site\/es\/programa\/science-and-research-symposium-es\/\" style=\"border-radius:50px;color:#63237c\">Simposio de ciencia e investigaci\u00f3n<\/a><\/div>\n\n\n\n<div class=\"wp-block-button is-style-outline\"><a class=\"wp-block-button__link has-text-color\" href=\"https:\/\/dev.congress.eabp.org\/2023\/site\/es\/programa\/society-in-corona-crisis-modus-symposium-es\/\" style=\"border-radius:50px;color:#63237c\">Society in Corona Crisis Modus Symposium<\/a><\/div>\n<\/div>\n","protected":false},"excerpt":{"rendered":"<p>Bienvenidos al NUEVOSitio web del Congreso Virtual 2021 de la EABP Los congresos de la EABP ofrecen eventos acogedores, inspiradores y alegres [&hellip;]<\/p>\n","protected":false},"author":1,"featured_media":0,"parent":0,"menu_order":1,"comment_status":"closed","ping_status":"closed","template":"","meta":[],"_links":{"self":[{"href":"https:\/\/dev.congress.eabp.org\/2023\/site\/wp-json\/wp\/v2\/pages\/1234"}],"collection":[{"href":"https:\/\/dev.congress.eabp.org\/2023\/site\/wp-json\/wp\/v2\/pages"}],"about":[{"href":"https:\/\/dev.congress.eabp.org\/2023\/site\/wp-json\/wp\/v2\/types\/page"}],"author":[{"embeddable":true,"href":"https:\/\/dev.congress.eabp.org\/2023\/site\/wp-json\/wp\/v2\/users\/1"}],"replies":[{"embeddable":true,"href":"https:\/\/dev.congress.eabp.org\/2023\/site\/wp-json\/wp\/v2\/comments?post=1234"}],"version-history":[{"count":0,"href":"https:\/\/dev.congress.eabp.org\/2023\/site\/wp-json\/wp\/v2\/pages\/1234\/revisions"}],"wp:attachment":[{"href":"https:\/\/dev.congress.eabp.org\/2023\/site\/wp-json\/wp\/v2\/media?parent=1234"}],"curies":[{"name":"wp","href":"https:\/\/api.w.org\/{rel}","templated":true}]}}